 b + 15. List the prime factors of l.
2
Let v(y) = -y**3 - 15*y**2 + 11*y + 16. What are the prime factors of v(-16)?
2, 3
Suppose -3*u + 5*b - 4 = 0, 4*u + 65 - 13 = -5*b. Let x = 7 + -21. Let n = u - x. List the prime factors of n.
2, 3
Let x(i) = -42*i + 18. List the prime factors of x(-3).
2, 3
Let o(q) = -q**2 + q + 133. What are the prime factors of o(0)?
7, 19
Let g(n) = n + 3. Let i(a) = -a + 6. Let j be i(9). Let q be g(j). Suppose -3*u + 9 + 0 = q. List the prime factors of u.
3
Suppose -c + 25 = 5*g, 0 = 4*c - c. Suppose g*n = -36 + 251. Let k = -31 + n. List the prime factors of k.
2, 3
Suppose -82 - 18 = -4*q. What are the prime factors of q?
5
Suppose -2*o + 3 = -d, o + 0*o + 5*d = 18. Suppose -b + o = -0. Suppose 0 = s - 5*l + 19, s = 4*l - b*l + 1. What are the prime factors of s?
2, 3
Let g(u) = 2*u**3. Let x be g(-1). Let k(m) be the second derivative of -m**3/6 + m. List the prime factors of k(x).
2
What are the prime factors of (-1059)/(-21) - (-8)/14?
3, 17
Suppose q + 308 = 5*q. What are the prime factors of q?
7, 11
Let p be 22/(-4)*(-3 + 1). Suppose 4*u + 24 = -2*y, 3*y + p = -2*u + u. What are the prime factors of (y + 0)*(-35)/10?
7
Let w be 72/6*2/3. Let x(o) = 2*o + 4. What are the prime factors of x(w)?
2, 5
Suppose -3*o - 1 = -3*y + 8, -o + 2 = 0. List the prime factors of y.
5
Let j = 25 - 25. Suppose 3*m + 0*m - 135 = j. What are the prime factors of m?
3, 5
Let i be (-1)/2*(-8)/(-4). List the prime factors of i/(1/12*-1).
2, 3
Let m(h) = 12*h**2 - h - 8. List the prime factors of m(-4).
2, 47
Let z = 8 + -6. Suppose -4*r - 2*c = 10 + 6, 0 = 2*r - c. Let t = z - r. List the prime factors of t.
2
Let h(o) = o**2 - 5*o - 7. Let f be h(7). List the prime factors of -1 - -2*(f + 1).
3, 5
Let s(f) = f**3 + 8*f**2 + 7*f + 6. Let q be s(-7). Suppose 0 = 3*p - w - q, 5*w + 2 = -0*p + p. Suppose 2*x = -p*x + 44. What are the prime factors of x?
11
Let z(b) = -4*b + 7. What are the prime factors of z(-7)?
5, 7
Let u(v) = v + 18. Let b be u(-15). List the prime factors of (14/b)/(2/3).
7
Let r be 4/18 + 100/36. Let a = -6 + r. What are the prime factors of ((2 + a)*-14)/1?
2, 7
Suppose 63 = -4*o - 5*g, -3*o - 4*g - 39 - 8 = 0. Let h = -7 - o. What are the prime factors of h?
2, 5
Let c(b) = -b**3 - 5*b**2 - 5*b - 4. Let t be c(-4). Suppose 5*n + 52 = -0*g + 3*g, g + 2*n - 21 = t. List the prime factors of g.
19
Let f be 102/(-9) + (-2)/3. Let n be (-516)/(-15) - f/20. Suppose -45 = -5*w + n. What are the prime factors of w?
2
Let j(a) = -6*a**2 + 5*a + 7. Let s be j(-5). List the prime factors of s/(-10) - (-5)/25.
17
Let p be 2/(-3) + (-28)/(-6). Suppose 0 = -4*f + 5*c + 10, 3*c + 2 + 4 = 0. Suppose -p*n = -4*t + 72, -n + 72 = 5*t - f*n. List the prime factors of t.
3, 5
Let x = 36 + -8. Suppose x = l + t, -l + t + 16 = -2*t. What are the prime factors of l?
5
Suppose 4*a - 6 = -2. Suppose w + a = 3. List the prime factors of 16/(-12)*(-3)/w.
2
Suppose h + 34 = 3*y + 5*h, 0 = -2*y + 4*h + 36. What are the prime factors of y?
2, 7
Let n be 0 - 0/(-1) - -2. Suppose r - 6 = -z, n*r - 4*z - 65 = -23. What are the prime factors of r?
11
Suppose 2*i = -3*a + 16, -5 = -2*i - 4*a + 15. Suppose 3 = i*h - 31. List the prime factors of h.
17
Suppose -j + 2 = 4, b - 4*j = 10. Suppose 2*a - 14 = l, -l + 3*l - 20 = -b*a. Suppose -3*z = -a - 10. What are the prime factors of z?
2, 3
Suppose -4*v - 4*u + 56 = 0, 4*u = -u + 10. Let z = -2 + v. List the prime factors of z.
2, 5
Let p(u) = -64*u - 3. What are the prime factors of p(-4)?
11, 23
Let n be 9*(-1 - -3)/2. Let i(p) = -p**3 - 10*p - 7 + 0*p**2 - n*p**2 + 0*p**2. List the prime factors of i(-8).
3
Let p(h) = h**2 + 6*h + 2. Let k be p(-6). Let d = k - 0. List the prime factors of 1 - -1 - (-24)/d.
2, 7
Let j be 15/(-6)*12/(-10). What are the prime factors of (-44)/(-4) - (j + 0)?
2
Let f = -222 + 413. Suppose -5*j - 2*s = -f, -3*j + 2*s - 7*s = -107. What are the prime factors of j?
3, 13
Let g(k) = -2*k + k**2 + 4 + k + 0*k - 2*k. List the prime factors of g(3).
2
Suppose -15*y - 83 = -16*y. List the prime factors of y.
83
Suppose 2*k - k - 75 = 0. List the prime factors of k.
3, 5
Let x = 248 - 58. What are the prime factors of x?
2, 5, 19
Let b be (124/(-6))/((-12)/72). Let w = -88 + b. List the prime factors of w.
2, 3
Let w(s) = s - 2. Let b be 115/15 + (-4)/6. What are the prime factors of w(b)?
5
What are the prime factors of 86/4 + 66/44?
23
Let n = 5 - 8. Let k be (-1 + 3 + -2)/n. Suppose k*d - 9 = -d. What are the prime factors of d?
3
Let f(d) = -6*d - 15. Let n be f(7). Let r = -30 - n. List the prime factors of r.
3
What are the prime factors of (-2)/4 + (-1161)/(-18)?
2
Suppose 0*g - 55 = 5*g. Let q be (-8)/(-2) - 22/g. Suppose -m - 20 = -q*m. List the prime factors of m.
2
Suppose -2*q = -4*q - 2. Let z = q - -4. Suppose z*o - 67 = -19. What are the prime factors of o?
2
Suppose -13*i + 17*i = 88. List the prime factors of i.
2, 11
Suppose 0*n + 5*n - 10 = 0. Suppose 28 = -5*l + n*z, -5*l - 2*z + 0 = 12. Let w = -1 - l. List the prime factors of w.
3
Let d = -15 - -16. Let a(z) = 44*z**2 + 1. List the prime factors of a(d).
3, 5
Let v = 29 + -5. Let s = v - 3. What are the prime factors of s?
3, 7
Let s = 3 - -7. Let y = 4 - -2. Let g = s - y. What are the prime factors of g?
2
Suppose o = -3*o + 256. What are the prime factors of o?
2
Suppose 0 = 4*x - x - 3. Suppose v - x = -7*g + 2*g, -2*g = 4*v + 32. What are the prime factors of (v/6)/((-3)/6)?
3
Let t = 244 + -161. List the prime factors of t.
83
Let v(p) = -p**2 + 4*p - 3. Let q be v(4). What are the prime factors of 4 + q - -34 - 1?
2, 17
Let d(r) = -27*r**3 - r**2 + r - 1. Let z be d(1). Let m = z + 51. List the prime factors of m.
23
Suppose 0 = 2*l - 5*k - 30, 2*k - 17 = -8*l + 3*l. Suppose 140 + 25 = l*g. Let a = -21 + g. List the prime factors of a.
2, 3
Let z(n) = 2*n - 20. Let u be z(15). Suppose 3*a + u - 64 = 0. What are the prime factors of a?
2, 3
Let g(y) = 7 + 5*y + 5 - y**2 - 3. Let n be g(7). Let o(j) = j**3 + 4*j**2 - 7*j + 2. What are the prime factors of o(n)?
2, 3
Let l(v) = -21 + v**2 - 2*v + 22 + 5*v**2 + 0*v**3 + v**3. List the prime factors of l(-6).
13
Suppose 4*f = -6 + 22. What are the prime factors of (2/f)/(2/20)?
5
Let u(d) = d**3 + 3*d**2 - d + 4. Let g be u(-3). Suppose -2*v - 3*y - 12 = -4*v, -3*v = -y - 4. List the prime factors of v + g - (-1 + 2).
2, 3
Let n = 62 - -101. List the prime factors of n.
163
Let q be 2 + -7 - -2 - -69. What are the prime factors of q*((-14)/(-3) + -4)?
2, 11
Suppose 10 = -0*m + 2*m. What are the prime factors of m?
5
Let n = -12 - -26. What are the prime factors of (-4)/14 + 116/n?
2
Let i be ((-46)/(-4))/1*2. Suppose 0 = 3*s - 5*t + t + i, 4 = s + t. What are the prime factors of (-14)/(4/2)*s?
7
Let v = 6 - -6. List the prime factors of v.
2, 3
Suppose -2*v + 3*p + 3 = 0, -2*v + 2*p = -3*v - 9. Let x = 37 - v. List the prime factors of x.
2, 5
Suppose k + 0*k = 2. Suppose -t - 19 = k*s, -20 = t + 3*t. What are the prime factors of (-2)/s + 68/7?
2, 5
Let l(n) = -4*n - 2. Let i = 5 - -3. Suppose -i = 5*w + 2, 0 = -c - w - 4. What are the prime factors of l(c)?
2, 3
Suppose 0 = t - 4 - 0. Suppose c = t*c. Suppose c = 2*s - 0*s - 20. What are the prime factors of s?
2, 5
Let b(m) = -m**3 + 7*m**2 + 4*m - 6. Suppose -2*s + 3*x = -5, -4*s - 2*x = -17 - 17. Let q be b(s). Suppose 2 - q = -4*g. What are the prime factors of g?
5
Let b = -5 + 7. Suppose -h = b*h. Suppose 0 = -h*q - 4*q + 32. What are the prime factors of q?
2
Suppose -4*f - j = -169, 0*j = 4*f + 2*j - 166. What are the prime factors of f?
43
Suppose 9 = 3*c - 4*s, -5 = -5*c - s + 10. Suppose -2*j - 5*w = -j + 16, -4*j = c*w - 4. What are the prime factors of j?
2
Suppose 0 = 4*p - 12 + 4. What are the prime factors of p?
2
Let u = -33 + 70. List the prime factors of u.
37
Let j(b) = -b**3 - 9*b**2 - 2*b - 1. Let q be j(-9). Let a = q - 12. What are the prime factors of a?
5
Let f(x) = 28*x**2 - 3*x - 1. List the prime factors of f(-1).
2, 3, 5
Let n = 68 + -33. What are the prime factors of n?
5, 7
Let x = -8 - -17. Let f = x + -14. Let l = f - -10. List the prime factors of l.
5
Suppose -2*h = -4*z + 48, 6*z = 2*z - 3*h + 68. Let w be 4/z + 18/(-14). What are the prime factors of